{"id":3,"date":"2018-11-12T22:08:17","date_gmt":"2018-11-12T22:08:17","guid":{"rendered":"http:\/\/www.rinaldi.es\/?page_id=3"},"modified":"2018-12-06T19:01:51","modified_gmt":"2018-12-06T19:01:51","slug":"politica-de-privacidad","status":"publish","type":"page","link":"https:\/\/www.rinaldi.es\/index.php\/politica-de-privacidad\/","title":{"rendered":"Pol\u00edtica de privacidad"},"content":{"rendered":"<h3><\/h3>\n<h3><strong>Pol\u00edtica de privacidad de datos<\/strong><\/h3>\n<p>&nbsp;<\/p>\n<p>En cumplimiento de la Ley Org\u00e1nica 15\/1999, de 13 de diciembre, de Protecci\u00f3n de Datos de Car\u00e1cter Personal (LOPD), le informamos que los datos personales que nos suministre a trav\u00e9s de la p\u00e1gina web\u00a0<a href=\"https:\/\/www.rinaldi.es\/RINALDI\/\"><strong>https:\/\/www.rinaldi.es<\/strong><\/a>\u00a0ser\u00e1n tratados de forma confidencial y pasar\u00e1n a formar parte de ficheros automatizados titularidad de PRODUCTOS QUIMICOS RINALDI, S.A.. que han sido debidamente inscritos en la Agencia Espa\u00f1ola de Protecci\u00f3n de Datos (<a href=\"http:\/\/www.agpd.es\/\">www.agpd.es<\/a>).<\/p>\n<p>En concordancia con la normativa actualmente vigente en materia de protecci\u00f3n de datos (LOPD), as\u00ed como en materia de servicios de la sociedad de la informaci\u00f3n y de comercio electr\u00f3nico (LSSICE), el Usuario acepta que los datos aportados por medio de esta p\u00e1gina Web sean incorporados a ficheros titularidad de PRODUCTOS QUIMICOS RINALDI, S.A, con la finalidad de facilitar la prestaci\u00f3n de los servicios solicitados y el previsible env\u00edo de informaci\u00f3n sobre ofertas, nuevos productos, servicios u otros motivos por los que LA EMPRESA deba ponerse en contacto con el Usuario\/cliente.<\/p>\n<p>El Usuario garantiza que la informaci\u00f3n facilitada a PRODUCTOS QUIMICOS RINALDI, S.A. al rellenar los campos existentes en el formulario Web es veraz, exacta y completa y se compromete a mantenerla actualizada. Si el Usuario facilitase un dato falso, exacto o incompleto o si LA EMPRESA tuviera motivos suficientes para sospechar que dicha informaci\u00f3n fuera falsa, inexacta o incompleta, podr\u00e1 proceder a la cancelaci\u00f3n de la misma.<\/p>\n<p>El env\u00edo de datos personales, mediante el uso del formulario electr\u00f3nico contenido en el Sitio Web o, en su caso, mensajes de correo electr\u00f3nico, supone el consentimiento expreso del remitente al tratamiento automatizado de los datos incluidos en los medios de comunicaci\u00f3n indicados, servicios y productos relacionados con las finalidades del Sitio Web, as\u00ed como al env\u00edo de comunicaciones v\u00eda electr\u00f3nica correo ordinario, tel\u00e9fono, mensaje mms, sms o cualquier otro medio de comunicaci\u00f3n actual o futura con informaci\u00f3n relacionada.<\/p>\n<p>PRODUCTOS QUIMICOS RINALDI, S.A.. se compromete a NO REMITIR COMUNICACIONES COMERCIALES SIN IDENTIFICARLAS COMO TALES, conforme a lo dispuesto en la Ley 34\/2002 de Servicios de la Sociedad de la Informaci\u00f3n y de comercio electr\u00f3nico. A estos efectos ser\u00e1 considerado como comunicaci\u00f3n comercial toda informaci\u00f3n que se env\u00ede A LOS CLIENTES Y\/O USUARIOS de PRODUCTOS QUIMICOS RINALDI, S.A. siempre que tenga por finalidad el mantenimiento de la relaci\u00f3n existente entre el cliente y\/o usuario y LA EMPRESA, as\u00ed como el desempe\u00f1o de las tareas de informaci\u00f3n, y otras actividades propias de los servicios que presta\u00a0<a href=\"https:\/\/www.rinaldi.es\/RINALDI\/\"><strong>https:\/\/www.rinaldi.es\u00a0<\/strong><\/a><\/p>\n<p>PRODUCTOS QUIMICOS RINALDI, S.A. pone en conocimiento de los Usuarios que en ning\u00fan momento vender\u00e1 o arrendar\u00e1 sus datos personales, y que s\u00f3lo los facilitar\u00e1 a un tercero salvo que tal cesi\u00f3n fuese imprescindible para la efectiva prestaci\u00f3n del servicio, cesi\u00f3n que ser\u00e1 puesta en conocimiento del Usuario cuando as\u00ed lo prevea la LOPD, inform\u00e1ndole de modo expreso, preciso e inequ\u00edvoco de los destinatarios de la informaci\u00f3n, de la finalidad a que se destinar\u00e1n los datos, y de la naturaleza de los datos cedidos, o en su caso, cuando la LOPD lo establezca, previamente se solicitar\u00e1 el consentimiento inequ\u00edvoco espec\u00edfico e informado al usuario, qui\u00e9n podr\u00e1 denegar o revocar dicho consentimiento en cualquier momento mediante el env\u00edo de un e-mail a\u00a0<a href=\"mailto:rinaldi@rinaldi.es?subject=Desde%20La%20Web&amp;body=.\"><strong>rinaldi@rinaldi.es<\/strong><\/a><\/p>\n<p>PRODUCTOS QUIMICOS RINALDI, S.A.. se reserva el derecho de modificar su pol\u00edtica de privacidad de acuerdo a su criterio, o a causa de un cambio legislativo, jurisprudencial o en la pr\u00e1ctica empresarial.<\/p>\n<p>Si\u00a0PRODUCTOS QUIMICOS RINALDI, S.A.. introdujera alguna modificaci\u00f3n, el nuevo texto ser\u00e1 publicado en este mismo sitio Web, donde el Usuario podr\u00e1 tener conocimiento de la pol\u00edtica de privacidad actual de<strong>\u00a0<\/strong><a href=\"https:\/\/www.rinaldi.es\/RINALDI\/\"><strong>https:\/\/www.rinaldi.es<\/strong><\/a><\/p>\n<p>El interesado podr\u00e1\u00a0 ejercitar los derechos de acceso, rectificaci\u00f3n, cancelaci\u00f3n y oposici\u00f3n mediante carta certificada, o forma equivalente que permita acreditar su recepci\u00f3n, dirigida a IPRODUCTOS QUIMICOS RINALDI, S.A. \u00a0Carretera del Cortijo, Km. 3 \u00a0 \u00a026006 \u00a0 LOGRO\u00d1O \u00a0(La Rioja) , o bien a la direcci\u00f3n de correo electr\u00f3nico\u00a0<a href=\"mailto:rinaldi@rinaldi.es?subject=Desde%20La%20Web&amp;body=.\"><strong>rinaldi@rinaldi.es<\/strong><\/a>. La solicitud deber\u00e1 contener nombre, apellidos del interesado, copia del DNI y, en los casos que se admita, de la persona que lo represente, as\u00ed como documento acreditativo de la representaci\u00f3n, petici\u00f3n en que se concreta la solicitud, domicilio a efectos de notificaciones, fecha y firma del solicitante y documentos acreditativos de la petici\u00f3n que formula. Si la solicitud no re\u00fane los requisitos especificados se requerir\u00e1 su subsanaci\u00f3n. Respecto al derecho de acceso, \u00fanicamente se denegar\u00e1 cuando la solicitud sea formulada por persona distinta del afectado. No se exigir\u00e1 contraprestaci\u00f3n alguna por el ejercicio de los derechos.<\/p>\n<p><strong>Ley aplicable y jurisdicci\u00f3n<\/strong><\/p>\n<p>Las relaciones establecidas entre PRODUCTOS QUIMICOS RINALDI, S.A.. y el Usuario se regir\u00e1n por lo dispuesto en la normativa vigente acerca de la legislaci\u00f3n aplicable y la jurisdicci\u00f3n competente. No obstante, para los casos en los que la normativa prevea la posibilidad a las partes de someterse a un fuero, LA EMPRESA y el Usuario, con renuncia expresa a cualquier otro fuero que pudiera corresponderles, someter\u00e1n cualesquiera controversias y\/o litigios al conocimiento de los Juzgados y Tribunales de la ciudad de Logro\u00f1o.<\/p>\n<p>&nbsp;<\/p>\n<p>&nbsp;<\/p>\n","protected":false},"excerpt":{"rendered":"<p>Pol\u00edtica de privacidad de datos &nbsp; En cumplimiento de la Ley Org\u00e1nica 15\/1999, de 13 de diciembre, de Protecci\u00f3n de Datos de Car\u00e1cter Personal (LOPD), le informamos que los datos personales que nos suministre a trav\u00e9s de la p\u00e1gina web\u00a0https:\/\/www.rinaldi.es\u00a0ser\u00e1n tratados de forma confidencial y <a class=\"read-more-link\" href=\"https:\/\/www.rinaldi.es\/index.php\/politica-de-privacidad\/\">M\u00e1s detalles<\/a><\/p>\n","protected":false},"author":1,"featured_media":0,"parent":0,"menu_order":0,"comment_status":"closed","ping_status":"closed","template":"","meta":{"_monsterinsights_skip_tracking":false,"_monsterinsights_sitenote_active":false,"_monsterinsights_sitenote_note":"","_monsterinsights_sitenote_category":0,"footnotes":""},"class_list":["post-3","page","type-page","status-publish","hentry"],"_links":{"self":[{"href":"https:\/\/www.rinaldi.es\/index.php\/wp-json\/wp\/v2\/pages\/3","targetHints":{"allow":["GET"]}}],"collection":[{"href":"https:\/\/www.rinaldi.es\/index.php\/wp-json\/wp\/v2\/pages"}],"about":[{"href":"https:\/\/www.rinaldi.es\/index.php\/wp-json\/wp\/v2\/types\/page"}],"author":[{"embeddable":true,"href":"https:\/\/www.rinaldi.es\/index.php\/wp-json\/wp\/v2\/users\/1"}],"replies":[{"embeddable":true,"href":"https:\/\/www.rinaldi.es\/index.php\/wp-json\/wp\/v2\/comments?post=3"}],"version-history":[{"count":6,"href":"https:\/\/www.rinaldi.es\/index.php\/wp-json\/wp\/v2\/pages\/3\/revisions"}],"predecessor-version":[{"id":7661,"href":"https:\/\/www.rinaldi.es\/index.php\/wp-json\/wp\/v2\/pages\/3\/revisions\/7661"}],"wp:attachment":[{"href":"https:\/\/www.rinaldi.es\/index.php\/wp-json\/wp\/v2\/media?parent=3"}],"curies":[{"name":"wp","href":"https:\/\/api.w.org\/{rel}","templated":true}]}}